{"id":5,"date":"2021-07-05T19:21:25","date_gmt":"2021-07-05T19:21:25","guid":{"rendered":"http:\/\/av-normannia-mainz.de\/willkommen-auf-http-av-normannia-mainz-de"},"modified":"2023-10-10T17:04:17","modified_gmt":"2023-10-10T15:04:17","slug":"willkommen-auf-http-av-normannia-mainz-de","status":"publish","type":"page","link":"https:\/\/av-normannia-mainz.de\/?page_id=5","title":{"rendered":"Startseite"},"content":{"rendered":"\n<p>Wir, der Akademische Verein <em>(AV)<\/em> Normannia zu Mainz, sind eine \u00fcberkonfessionelle Damenverbindung, das hei\u00dft Studentinnen, die gerne Zeit miteinander verbringen und ihr Semester mit vielen sch\u00f6nen Veranstaltungen f\u00fcllen. Wir arbeiten eng mit unserer Mutterverbindung, der <a rel=\"noreferrer noopener\" href=\"https:\/\/www.normannia-greifswald.org\/\" target=\"_blank\">K.St.V Normannia-Greifswald zu Mainz<\/a>, zusammen und f\u00fchren so zum Beispiel ein gemeinsames <a href=\"https:\/\/av-normannia-mainz.de\/?page_id=78\" target=\"_blank\" rel=\"noreferrer noopener\">Semesterprogramm<\/a>. <\/p>\n\n\n\n<p>Jede:r ist bei uns herzlich willkommen, wenn Du uns n\u00e4her kennenlernen willst, schau gerne mal bei einer unserer <a rel=\"noreferrer noopener\" href=\"https:\/\/av-normannia-mainz.de\/?post_type=tribe_events\" target=\"_blank\">Veranstaltungen <\/a>vorbei oder besuche uns auf <a rel=\"noreferrer noopener\" href=\"https:\/\/www.instagram.com\/avnormanniamainz\/\" target=\"_blank\">Instagram<\/a> und <a rel=\"noreferrer noopener\" href=\"https:\/\/m.facebook.com\/NormanniaMainz\/\" target=\"_blank\">Facebook<\/a>.<\/p>\n\n\n<style>.kb-gallery-id-5_55b392-07 .kadence-blocks-gallery-item .kb-gal-image-radius, .kb-gallery-id-5_55b392-07 .kb-slide-item .kb-gal-image-radius img{border-radius:0px 0px 0px 0px;;}.kb-gallery-wrap-id-5_55b392-07.wp-block-kadence-advancedgallery{overflow:visible;}.kb-gallery-wrap-id-5_55b392-07.wp-block-kadence-advancedgallery .kt-blocks-carousel{overflow:visible;}<\/style><div class=\"kb-gallery-wrap-id-5_55b392-07 alignnone wp-block-kadence-advancedgallery\"><div class=\"kb-gallery-ul kb-gallery-non-static kb-gallery-type-slider kb-gallery-id-5_55b392-07 kb-gallery-caption-style-bottom-hover kb-gallery-filter-none\" data-image-filter=\"none\" data-lightbox-caption=\"true\"><div class=\"kt-blocks-carousel splide kt-carousel-container-dotstyle-dark kt-carousel-arrowstyle-whiteondark kt-carousel-dotstyle-dark kb-slider-group-arrow kb-slider-arrow-position-center\" data-slider-anim-speed=\"400\" data-slider-scroll=\"1\" data-slider-arrows=\"true\" data-slider-fade=\"true\" data-slider-dots=\"true\" data-slider-type=\"slider\" data-slider-hover-pause=\"false\" data-slider-auto=\"\" data-slider-speed=\"7000\" data-show-pause-button=\"false\"><div class=\"splide__track\"><ul class=\"kt-blocks-carousel-init kb-blocks-slider splide__list\"><li class=\"kb-slide-item kb-gallery-slide-item splide__slide\"><div class=\"kadence-blocks-gallery-item\"><div class=\"kadence-blocks-gallery-item-inner\"><figure class=\"kb-gallery-figure kadence-blocks-gallery-item-hide-caption\"><div class=\"kb-gal-image-radius\"><div class=\"kb-gallery-image-contain kadence-blocks-gallery-intrinsic kb-gallery-image-ratio-land32 kb-has-image-ratio-land32\" ><img loading=\"lazy\" decoding=\"async\" src=\"https:\/\/av-normannia-mainz.de\/wp-content\/uploads\/2021\/07\/SS18-Gruppenbild-1-1024x662.jpg\" width=\"1024\" height=\"662\" alt=\"\" data-full-image=\"https:\/\/av-normannia-mainz.de\/wp-content\/uploads\/2021\/07\/SS18-Gruppenbild-1-scaled.jpg\" data-light-image=\"https:\/\/av-normannia-mainz.de\/wp-content\/uploads\/2021\/07\/SS18-Gruppenbild-1-scaled.jpg\" data-id=\"36\" class=\"wp-image-36 skip-lazy\" srcset=\"https:\/\/av-normannia-mainz.de\/wp-content\/uploads\/2021\/07\/SS18-Gruppenbild-1-1024x662.jpg 1024w, https:\/\/av-normannia-mainz.de\/wp-content\/uploads\/2021\/07\/SS18-Gruppenbild-1-300x194.jpg 300w, https:\/\/av-normannia-mainz.de\/wp-content\/uploads\/2021\/07\/SS18-Gruppenbild-1-768x497.jpg 768w, https:\/\/av-normannia-mainz.de\/wp-content\/uploads\/2021\/07\/SS18-Gruppenbild-1-1536x993.jpg 1536w, https:\/\/av-normannia-mainz.de\/wp-content\/uploads\/2021\/07\/SS18-Gruppenbild-1-2048x1325.jpg 2048w\" sizes=\"auto, (max-width: 1024px) 100vw, 1024px\" \/><\/div><\/div><\/figure><\/div><\/div><\/li><li class=\"kb-slide-item kb-gallery-slide-item splide__slide\"><div class=\"kadence-blocks-gallery-item\"><div class=\"kadence-blocks-gallery-item-inner\"><figure class=\"kb-gallery-figure kadence-blocks-gallery-item-hide-caption\"><div class=\"kb-gal-image-radius\"><div class=\"kb-gallery-image-contain kadence-blocks-gallery-intrinsic kb-gallery-image-ratio-land32 kb-has-image-ratio-land32\" ><img loading=\"lazy\" decoding=\"async\" src=\"https:\/\/av-normannia-mainz.de\/wp-content\/uploads\/2021\/07\/Nr-2.1-1-1024x684.jpg\" width=\"1024\" height=\"684\" alt=\"\" data-full-image=\"https:\/\/av-normannia-mainz.de\/wp-content\/uploads\/2021\/07\/Nr-2.1-1.jpg\" data-light-image=\"https:\/\/av-normannia-mainz.de\/wp-content\/uploads\/2021\/07\/Nr-2.1-1.jpg\" data-id=\"39\" class=\"wp-image-39 skip-lazy\" srcset=\"https:\/\/av-normannia-mainz.de\/wp-content\/uploads\/2021\/07\/Nr-2.1-1-1024x684.jpg 1024w, https:\/\/av-normannia-mainz.de\/wp-content\/uploads\/2021\/07\/Nr-2.1-1-300x200.jpg 300w, https:\/\/av-normannia-mainz.de\/wp-content\/uploads\/2021\/07\/Nr-2.1-1-768x513.jpg 768w, https:\/\/av-normannia-mainz.de\/wp-content\/uploads\/2021\/07\/Nr-2.1-1.jpg 1204w\" sizes=\"auto, (max-width: 1024px) 100vw, 1024px\" \/><\/div><\/div><\/figure><\/div><\/div><\/li><li class=\"kb-slide-item kb-gallery-slide-item splide__slide\"><div class=\"kadence-blocks-gallery-item\"><div class=\"kadence-blocks-gallery-item-inner\"><figure class=\"kb-gallery-figure kadence-blocks-gallery-item-hide-caption\"><div class=\"kb-gal-image-radius\"><div class=\"kb-gallery-image-contain kadence-blocks-gallery-intrinsic kb-gallery-image-ratio-land32 kb-has-image-ratio-land32\" ><img loading=\"lazy\" decoding=\"async\" src=\"https:\/\/av-normannia-mainz.de\/wp-content\/uploads\/2021\/07\/1405FVE020-1-1024x683.jpg\" width=\"1024\" height=\"683\" alt=\"\" data-full-image=\"https:\/\/av-normannia-mainz.de\/wp-content\/uploads\/2021\/07\/1405FVE020-1.jpg\" data-light-image=\"https:\/\/av-normannia-mainz.de\/wp-content\/uploads\/2021\/07\/1405FVE020-1.jpg\" data-id=\"40\" class=\"wp-image-40 skip-lazy\"\/><\/div><\/div><\/figure><\/div><\/div><\/li><\/ul><\/div><\/div><\/div><\/div>","protected":false},"excerpt":{"rendered":"<p>Wir, der Akademische Verein (AV) Normannia zu Mainz, sind eine \u00fcberkonfessionelle Damenverbindung, das hei\u00dft Studentinnen, die gerne Zeit miteinander verbringen und ihr Semester mit vielen sch\u00f6nen Veranstaltungen f\u00fcllen. Wir arbeiten [&hellip;]<\/p>\n","protected":false},"author":1,"featured_media":0,"parent":0,"menu_order":0,"comment_status":"closed","ping_status":"open","template":"","meta":{"ngg_post_thumbnail":0,"footnotes":""},"class_list":["post-5","page","type-page","status-publish","hentry"],"_links":{"self":[{"href":"https:\/\/av-normannia-mainz.de\/index.php?rest_route=\/wp\/v2\/pages\/5","targetHints":{"allow":["GET"]}}],"collection":[{"href":"https:\/\/av-normannia-mainz.de\/index.php?rest_route=\/wp\/v2\/pages"}],"about":[{"href":"https:\/\/av-normannia-mainz.de\/index.php?rest_route=\/wp\/v2\/types\/page"}],"author":[{"embeddable":true,"href":"https:\/\/av-normannia-mainz.de\/index.php?rest_route=\/wp\/v2\/users\/1"}],"replies":[{"embeddable":true,"href":"https:\/\/av-normannia-mainz.de\/index.php?rest_route=%2Fwp%2Fv2%2Fcomments&post=5"}],"version-history":[{"count":14,"href":"https:\/\/av-normannia-mainz.de\/index.php?rest_route=\/wp\/v2\/pages\/5\/revisions"}],"predecessor-version":[{"id":427,"href":"https:\/\/av-normannia-mainz.de\/index.php?rest_route=\/wp\/v2\/pages\/5\/revisions\/427"}],"wp:attachment":[{"href":"https:\/\/av-normannia-mainz.de\/index.php?rest_route=%2Fwp%2Fv2%2Fmedia&parent=5"}],"curies":[{"name":"wp","href":"https:\/\/api.w.org\/{rel}","templated":true}]}}